{"id":7,"date":"2024-08-30T11:21:15","date_gmt":"2024-08-30T09:21:15","guid":{"rendered":"https:\/\/www.ceesc.cat\/areaprivada\/?page_id=7"},"modified":"2024-08-30T11:21:15","modified_gmt":"2024-08-30T09:21:15","slug":"7-2","status":"publish","type":"page","link":"https:\/\/www.ceesc.cat\/areaprivada\/","title":{"rendered":""},"content":{"rendered":"\n<div class='stic-login-form stic-form'><h3>Inicia la sesi\u00f3n<\/h3>\n        <div class='tab-container'>\n            <div class='tabs'>\n            <button class='tab-button active' data-tab='colegiados'>Miembros\/as del CEESC<\/button>\n            <button class='tab-button' data-tab='empresas'>Entidades y\/o empresas<\/button>\n            <\/div>\n            <div id='colegiados' class='tab-content active'>\n            <form name='stic-login-form' id='stic-login-form' action='' method='post'>\n\n                <ul>\n                    \n                    <li class='input_login'>\n                        <input name='scp_module' type='hidden' id='stic-module' value='Contacts' \/>\n                    <\/li>\n                        <!--                <li class='input_login'>\n                        <label>Nombre de usuario:<\/label>\n                        <span><input type='text' class='input-text' name='scp_username' id='stic-username' required><\/span>\n                    <\/li>\n\n                    <li class='input_login'>\n                        <label>Contrase\u00f1a:<\/label>\n                        <span><input type='password' class='input-text' name='scp_password' id='stic-password' required><\/span>\n                    <\/li>\n                    <li class='actions_login'>\n                        <span>\n                            <input type='submit' name='scp_login_form_submit' id='stic-login-form-submit' value='Iniciar sesi\u00f3n'>\n                        <\/span>-->\n                        <span class='left'>\n                        <br \/><a href='https:\/\/valid.aoc.cat\/o\/oauth2\/auth?scope=autenticacio_usuari&state=codi_estat_propi&redirect_uri=https:\/\/www.ceesc.cat\/areaprivada&response_type=code&client_id=tramits.ceesc.cat&approval_prompt=auto&access_type=online' style='background: red; color: white; width: 50%; display: flex; align-items: center; justify-content: space-between; padding: 10px; margin: 0 auto; border-radius: 10px; text-decoration: none;'> <img src='wp-content\/uploads\/stic-uploads\/idCAT-mobil-blanc.png' alt='idCAT m\u00f2bil logo' style='height: 60px; margin-left: auto; margin-right: auto; border-radius: 5px;'><\/a> <br \/><br \/>\n                        <a href='https:\/\/www.ceesc.cat\/2014-11-03-13-05-23\/noticias-blog\/1558-formulari-informacio'>\u00bfDeseas colegiarte? Solicita informaci\u00f3n aqu\u00ed.<\/a> <br \/>\n                        <a href='https:\/\/www.ceesc.cat\/2014-11-03-13-05-23\/noticias-blog\/1571-formulari-informacio-amics'>\u00bfDeseas ser amigo\/a del CEESC? Solicita informaci\u00f3n aqu\u00ed.<\/a> <br \/>\n                            <\/span>\n                    <\/li>\n                <\/ul>\n            <\/form>\n            <\/div>\n            <div id='usuarios' class='tab-content'>  \n                <form name='stic-login-form' id='stic-login-form' action='' method='post'>\n                    <ul>\n                    \n                    <li class='input_login'>\n                        <input name='scp_module' type='hidden' id='stic-module' value='Contacts' \/>\n                    <\/li>\n                    <li class='input_login'>\n                        <label>Nombre de usuario:<\/label>\n                        <span><input type='text' class='input-text' name='scp_username' id='stic-username' required><\/span>\n                    <\/li>\n\n                    <li class='input_login'>\n                        <label>Contrase\u00f1a:<\/label>\n                        <span><input type='password' class='input-text' name='scp_password' id='stic-password' required><\/span>\n                    <\/li>\n                    <li class='actions_login'>\n                        <span>\n                            <input type='submit' name='scp_login_form_submit' id='stic-login-form-submit' value='Iniciar sesi\u00f3n'>\n                        <\/span>\n                        <span class='left'>\n                        <br \/><a href='https:\/\/valid.aoc.cat\/o\/oauth2\/auth?scope=autenticacio_usuari&state=codi_estat_propi&redirect_uri=https:\/\/www.ceesc.cat\/areaprivada&response_type=code&client_id=tramits.ceesc.cat&approval_prompt=auto&access_type=online' style='background: red; color: white; width: 50%; display: flex; align-items: center; justify-content: space-between; padding: 10px; margin: 0 auto; border-radius: 10px; text-decoration: none;'> <img src='wp-content\/uploads\/stic-uploads\/idCAT-mobil-blanc.png' alt='idCAT m\u00f2bil logo' style='height: 60px; margin-left: auto; margin-right: auto; border-radius: 5px;'><\/a> <br \/><br \/>\n                                <a href='?internalpage=single_stic_signup&modulo=Contacts'>\u00bfDeseas colegiarte o ser amigo\/a del CEESC? Haz clic aqu\u00ed.<\/a> <br \/>\n                                <a href='?internalpage=stic_forgot_password'>\u00bfOlvid\u00f3 la contrase\u00f1a? Haga clic aqu\u00ed.<\/a>\n                            <\/span>\n                    <\/li>\n                    <\/ul>\n                <\/form>\n                <\/div>\n\n                <div id='empresas' class='tab-content'>\n                <form name='stic-login-form' id='stic-login-form' action='' method='post'>\n                    <ul>\n                        \n                        <li class='input_login'>\n                        <input name='scp_module' type='hidden' id='stic-module' value='Accounts' \/>\n                        <\/li>\n                        <li class='input_login'>\n                            <label>Nombre de usuario:<\/label>\n                            <span><input type='text' class='input-text' name='scp_username' id='stic-username' required><\/span>\n                        <\/li>\n\n                        <li class='input_login'>\n                            <label>Contrase\u00f1a:<\/label>\n                            <span><input type='password' class='input-text' name='scp_password' id='stic-password' required><\/span>\n                        <\/li>\n                        <li class='actions_login'>\n                            <span>\n                                <input type='submit' name='scp_login_form_submit' id='stic-login-form-submit' value='Iniciar sesi\u00f3n'>\n                            <\/span>\n                            <!--                        <span class='left'>\n                            <br \/><a href='https:\/\/valid.aoc.cat\/o\/oauth2\/auth?scope=autenticacio_usuari&state=codi_estat_propi&redirect_uri=https:\/\/www.ceesc.cat\/areaprivada&response_type=code&client_id=tramits.ceesc.cat&approval_prompt=auto&access_type=online' style='background: red; color: white; width: 50%; display: flex; align-items: center; justify-content: space-between; padding: 10px; margin: 0 auto; border-radius: 10px; text-decoration: none;'> <img src='wp-content\/uploads\/stic-uploads\/idCAT-mobil-blanc.png' alt='idCAT m\u00f2bil logo' style='height: 60px; margin-left: auto; margin-right: auto; border-radius: 5px;'><\/a> <br \/><br \/>-->\n                                    <a href='?internalpage=single_stic_signup&modulo=Accounts'>\u00bfA\u00fan no se ha registrado tu organizaci\u00f3n? Haz clic aqu\u00ed.<\/a> <br \/>\n                                    <a href='?internalpage=stic_forgot_password'>\u00bfOlvid\u00f3 la contrase\u00f1a? Haga clic aqu\u00ed.<\/a>\n                                    <!-- <a href='?internalpage=public_list_stic_colegiats'>Alt<\/a> -->\n                                <\/span>\n                        <\/li>\n                    <\/ul>\n                <\/form>\n                <\/div>\n        <\/div>\n \n        <script>\n            const tabButtons = document.querySelectorAll('.tab-button');\n            const contents = document.querySelectorAll('.tab-content');\n        \n            tabButtons.forEach(btn => {\n            btn.addEventListener('click', () => {\n                tabButtons.forEach(b => b.classList.remove('active'));\n                contents.forEach(c => c.classList.remove('active'));\n        \n                btn.classList.add('active');\n                document.getElementById(btn.dataset.tab).classList.add('active');\n            });\n            });\n        <\/script>    \n        \n        <\/div>\n\n\n\n<p><\/p>\n","protected":false},"excerpt":{"rendered":"","protected":false},"author":1,"featured_media":0,"parent":0,"menu_order":0,"comment_status":"closed","ping_status":"closed","template":"","meta":{"footnotes":""},"class_list":["post-7","page","type-page","status-publish","hentry"],"_links":{"self":[{"href":"https:\/\/www.ceesc.cat\/areaprivada\/wp-json\/wp\/v2\/pages\/7","targetHints":{"allow":["GET"]}}],"collection":[{"href":"https:\/\/www.ceesc.cat\/areaprivada\/wp-json\/wp\/v2\/pages"}],"about":[{"href":"https:\/\/www.ceesc.cat\/areaprivada\/wp-json\/wp\/v2\/types\/page"}],"author":[{"embeddable":true,"href":"https:\/\/www.ceesc.cat\/areaprivada\/wp-json\/wp\/v2\/users\/1"}],"replies":[{"embeddable":true,"href":"https:\/\/www.ceesc.cat\/areaprivada\/wp-json\/wp\/v2\/comments?post=7"}],"version-history":[{"count":1,"href":"https:\/\/www.ceesc.cat\/areaprivada\/wp-json\/wp\/v2\/pages\/7\/revisions"}],"predecessor-version":[{"id":9,"href":"https:\/\/www.ceesc.cat\/areaprivada\/wp-json\/wp\/v2\/pages\/7\/revisions\/9"}],"wp:attachment":[{"href":"https:\/\/www.ceesc.cat\/areaprivada\/wp-json\/wp\/v2\/media?parent=7"}],"curies":[{"name":"wp","href":"https:\/\/api.w.org\/{rel}","templated":true}]}}